776.
264
Calculate the greatest common divisor of 60 and 2114430.
30
What is the highest common factor of 2 and 6206946?
2
Calculate the greatest common divisor of 65115 and 64485.
45
Calculate the greatest common divisor of 583668 and 10261.
31
What is the greatest common divisor of 225525 and 7363275?
2325
Calculate the greatest common factor of 545387371 and 1271.
1271
Calculate the highest common divisor of 1894153 and 278.
139
Calculate the greatest common factor of 2929712 and 4624.
272
What is the greatest common divisor of 292112198 and 2954?
2954
Calculate the greatest common factor of 64 and 4014632.
8
Calculate the greatest common factor of 958356 and 2492.
28
Calculate the highest common factor of 248 and 21782032.
8
What is the greatest common factor of 6204 and 11994917?
517
What is the highest common divisor of 4333388 and 7756?
1108
Calculate the greatest common factor of 254691 and 13581.
27
Calculate the greatest common divisor of 3370555 and 20817.
257
What is the highest common divisor of 397494 and 78365206?
14722
What is the greatest common factor of 2842290 and 291390?
330
What is the highest common divisor of 2445 and 4550505?
15
What is the highest common factor of 185843840 and 560?
560
Calculate the greatest common divisor of 3781 and 39235.
19
What is the greatest common factor of 22117510 and 128979?
4777
Calculate the highest common factor of 101 and 1156015296.
101
What is the greatest common divisor of 83038060 and 40859?
3143
What is the highest common factor of 49000 and 78204?
196
Calculate the greatest common divisor of 52516775 and 300.
25
Calculate the highest common divisor of 268 and 83635564.
268
What is the highest common factor of 3892 and 36118733?
973
Calculate the highest common factor of 4208 and 19462.
526
What is the highest common factor of 202884 and 193281?
33
Calculate the highest common divisor of 12054 and 9596454.
294
Calculate the greatest common divisor of 125343 and 703.
19
Calculate the highest common divisor of 15323 and 3698415.
1393
What is the highest common factor of 45 and 881637075?
45
What is the highest common divisor of 109057 and 28704?
13
Calculate the highest common divisor of 274 and 40615020.
274
Calculate the highest common divisor of 198 and 3712710.
6
What is the greatest common divisor of 41877 and 7573?
1
Calculate the greatest common factor of 179412 and 4884.
12
Calculate the highest common factor of 65913 and 99648.
519
Calculate the highest common divisor of 2472 and 18436794.
618
Calculate the highest common divisor of 22959776 and 1792.
224
What is the highest common factor of 436 and 285970002?
218
Calculate the greatest common divisor of 5651813 and 1917.
71
What is the highest common factor of 2036280 and 1704?
1704
What is the highest common factor of 1710345 and 80730?
195
Calculate the highest common divisor of 1034194 and 42581.
49
Calculate the greatest common divisor of 161850 and 170406470.
10790
What is the highest common divisor of 183504 and 8304?
48
What is the highest common factor of 65370 and 17010?
30
What is the greatest common factor of 194750 and 513?
19
Calculate the highest common factor of 171 and 3226371.
57
Calculate the greatest common factor of 8269135 and 3150.
35
Calculate the highest common factor of 53359551 and 63.
63
Calculate the highest common divisor of 5896 and 1040912.
536
Calculate the highest common factor of 4215 and 433466385.
4215
What is the greatest common factor of 9120 and 366291120?
4560
Calculate the highest common factor of 9002 and 2307746.
14
What is the greatest common factor of 10047 and 116943?
51
Calculate the greatest common divisor of 48518 and 176014742.
2854
Calculate the highest common factor of 285698 and 79044.
14
Calculate the highest common factor of 5752310 and 10.
10
Calculate the greatest common factor of 63346 and 15036340.
3334
What is the greatest common divisor of 6431 and 524864?
59
What is the highest common factor of 504 and 2677728?
24
What is the greatest common divisor of 94751 and 4264?
41
Calculate the highest common factor of 153 and 14557746.
51
What is the greatest common divisor of 2456368 and 38?
2
Calculate the highest common divisor of 35 and 49472850.
35
Calculate the highest common factor of 136359 and 5057793.
1251
Calculate the greatest common factor of 1735 and 15604937.
347
What is the highest common factor of 345136 and 48433?
407
Calculate the highest common divisor of 272046700 and 200.
100
What is the greatest common factor of 171 and 271683?
9
What is the greatest common factor of 2164 and 12496018?
1082
Calculate the highest common factor of 1971227 and 119333.
47
What is the highest common factor of 1391 and 3305551?
107
Calculate the greatest common divisor of 18246 and 313764298.
6082
Calculate the highest common factor of 2765602 and 11248.
1406
Calculate the greatest common factor of 66146 and 482.
2
Calculate the greatest common factor of 77 and 124927915.
7
What is the highest common factor of 43683 and 453?
3
Calculate the greatest common divisor of 2296 and 7578760.
56
Calculate the highest common factor of 3 and 15102427.
1
What is the highest common divisor of 3422869 and 13395?
893
Calculate the highest common divisor of 32 and 23467936.
32
Calculate the greatest common divisor of 6093 and 15069343.
677
What is the greatest common divisor of 3388117 and 112914?
697
Calculate the highest common factor of 37365705 and 9.
9
Calculate the highest common factor of 26 and 53248858.
26
Calculate the greatest common divisor of 104 and 5267808.
104
Calculate the greatest common factor of 369 and 796966323.
123
Calculate the greatest common factor of 38921655 and 240.
15
Calculate the highest common divisor of 82672 and 406912.
16
Calculate the greatest common factor of 2197184 and 1036172.
12484
What is the greatest common divisor of 2596250634 and 978?
978
What is the highest common divisor of 1396880 and 6384?
304
Calculate the greatest common factor of 4838981293 and 23.
23
Calculate the greatest common factor of 2892 and 2687628.
12
Calculate the highest common divisor of 37475 and 2075.
25
What is the greatest common divisor of 1961825 and 8899?
809
Calculate the highest common divisor of 30427875 and 442.
17
What is the greatest common divisor of 105968 and 615088?
592
What is the highest common divisor of 144 and 281598264?
72
Calculate the greatest common divisor of 399634776 and 27864.
9288
What is the greatest common factor of 8130551 and 2431?
143
What is the greatest common divisor of 735 and 24686445?
735
What is the greatest common factor of 105 and 2925133575?
105
What is the highest common factor of 3040422 and 111804?
462
Calculate the greatest common factor of 627347 and 117056.
1829
What is the highest common factor of 41002 and 8466?
166
Calculate the highest common divisor of 94724 and 1231888.
476
What is the highest common divisor of 22769619 and 2172?
543
What is the greatest common factor of 536 and 10270136?
8
What is the highest common divisor of 143 and 42601702?
143
Calculate the greatest common factor of 2929 and 48053.
29
Calculate the highest common divisor of 180 and 7714740.
60
What is the greatest common divisor of 65882728 and 2584?
152
What is the greatest common factor of 2155 and 85057850?
2155
What is the highest common divisor of 2945973 and 1161?
129
What is the highest common divisor of 8513193 and 39?
39
Calculate the highest common divisor of 3929403 and 24.
3
Calculate the highest common factor of 816 and 51631992.
408
What is the greatest common divisor of 110789 and 21226268?
2261
What is the highest common factor of 3636279 and 117?
9
Calculate the greatest common factor of 10280599 and 21.
7
Calculate the highest common divisor of 9800 and 7040712.
392
What is the greatest common factor of 2589 and 51451197?
2589
What is the highest common divisor of 287880 and 272?
8
Calculate the greatest common divisor of 212716 and 47080.
428
What is the highest common divisor of 34901 and 8534?
17
Calculate the highest common divisor of 4232156 and 10176.
212
Calculate the greatest common factor of 261 and 5524703.
29
What is the highest common divisor of 46449 and 12339?
9
What is the greatest common divisor of 3 a